 8078422.
2, 11, 367201
What are the prime factors of 4679333?
4679333
List the prime factors of 383863.
269, 1427
List the prime factors of 3330400.
2, 5, 23, 181
What are the prime factors of 1132667?
1132667
List the prime factors of 1756767.
3, 97, 6037
List the prime factors of 786034.
2, 393017
What are the prime factors of 100172?
2, 79, 317
What are the prime factors of 339372?
2, 3, 11, 857
What are the prime factors of 392228?
2, 98057
What are the prime factors of 1184726?
2, 19, 31177
What are the prime factors of 117932?
2, 29483
List the prime factors of 5035381.
13, 79, 4903
What are the prime factors of 5859248?
2, 31, 11813
What are the prime factors of 15357617?
11, 29, 31, 1553
List the prime factors of 4144673.
13, 211, 1511
List the prime factors of 123232.
2, 3851
List the prime factors of 2295807.
3, 751, 1019
What are the prime factors of 8936508?
2, 3, 7, 191, 557
What are the prime factors of 1992572?
2, 498143
What are the prime factors of 696153?
3, 232051
What are the prime factors of 5725075?
5, 229003
What are the prime factors of 225367?
37, 6091
What are the prime factors of 6527759?
7, 932537
List the prime factors of 1061895.
3, 5, 70793
What are the prime factors of 13050640?
2, 5, 37, 4409
List the prime factors of 2647942.
2, 11, 37, 3253
List the prime factors of 355625.
5, 569
What are the prime factors of 211162?
2, 7, 15083
List the prime factors of 3527831.
31, 3671
List the prime factors of 137811.
3, 71, 647
What are the prime factors of 9805366?
2, 409, 11987
What are the prime factors of 967925?
5, 7, 5531
List the prime factors of 319069.
319069
What are the prime factors of 1805619?
3, 601873
List the prime factors of 1314873.
3, 7, 773
List the prime factors of 6792516.
2, 3, 188681
List the prime factors of 89481.
3, 7, 4261
List the prime factors of 30000.
2, 3, 5
List the prime factors of 8349561.
3, 11, 9371
List the prime factors of 1590349.
41, 79, 491
List the prime factors of 349530.
2, 3, 5, 61, 191
What are the prime factors of 927761?
337, 2753
List the prime factors of 39670.
2, 5, 3967
List the prime factors of 487486.
2, 71, 3433
List the prime factors of 191971.
13, 14767
List the prime factors of 168612.
2, 3, 14051
List the prime factors of 2134532.
2, 533633
List the prime factors of 1175544.
2, 3, 29, 563
List the prime factors of 3635760.
2, 3, 5, 15149
List the prime factors of 5376571.
29, 397, 467
List the prime factors of 418704.
2, 3, 11, 13, 61
List the prime factors of 6391521.
3, 236723
List the prime factors of 712492.
2, 11, 16193
List the prime factors of 6935276.
2, 619, 2801
List the prime factors of 178248.
2, 3, 7, 1061
What are the prime factors of 873096?
2, 3, 7, 5197
What are the prime factors of 1051777?
337, 3121
What are the prime factors of 1453006?
2, 19, 38237
What are the prime factors of 1197680?
2, 5, 11, 1361
What are the prime factors of 111411?
3, 12379
List the prime factors of 33837113.
29, 1039, 1123
List the prime factors of 527897.
527897
What are the prime factors of 147960?
2, 3, 5, 137
What are the prime factors of 116771?
23, 5077
List the prime factors of 15809022.
2, 3, 878279
List the prime factors of 17206830.
2, 3, 5, 73, 97
List the prime factors of 22921237.
1033, 22189
List the prime factors of 34097853.
3, 11365951
List the prime factors of 30440.
2, 5, 761
List the prime factors of 688890.
2, 3, 5, 22963
List the prime factors of 1027045.
5, 19, 569
What are the prime factors of 42442?
2, 21221
What are the prime factors of 345225?
3, 5, 4603
What are the prime factors of 290862?
2, 3, 11, 13, 113
List the prime factors of 393721.
393721
What are the prime factors of 1607474?
2, 11, 31, 2357
What are the prime factors of 1266431?
1266431
List the prime factors of 10019565.
3, 5, 74219
What are the prime factors of 1143481?
1143481
List the prime factors of 3554835.
3, 5, 269, 881
What are the prime factors of 444174?
2, 3, 181, 409
List the prime factors of 1039744.
2, 8123
What are the prime factors of 106337?
7, 11, 1381
List the prime factors of 412499.
43, 53, 181
List the prime factors of 18637410.
2, 3, 5, 11, 56477
List the prime factors of 140088.
2, 3, 13, 449
What are the prime factors of 10889209?
109, 99901
What are the prime factors of 7533797?
1759, 4283
What are the prime factors of 1021705?
5, 233, 877
What are the prime factors of 1408550?
2, 5, 11, 13, 197
What are the prime factors of 51493?
13, 17, 233
List the prime factors of 6252155.
5, 7, 13, 151
What are the prime factors of 1938812?
2, 484703
What are the prime factors of 12955780?
2, 5, 647789
List the prime factors of 32027.
32027
List the prime factors of 446382.
2, 3, 24799
What are the prime factors of 686935?
5, 137387
What are the prime factors of 67688?
2, 8461
What are the prime factors of 5084085?
3, 5, 73, 4643
What are the prime factors of 27534511?
27534511
What are the prime factors of 1614173?
11, 146743
List the prime factors of 335116.
2, 199, 421
What are the prime factors of 206884?
2, 51721
List the prime factors of 558744.
2, 3, 31, 751
What are the prime factors of 296520?
2, 3, 5, 7, 353
What are the prime factors of 41940?
2, 3, 5, 233
What are the prime factors of 476186?
2, 238093
What are the prime factors of 43365?
3, 5, 7, 59
List the prime factors of 1849926.
2, 3, 13, 37, 641
List the prime factors of 20709735.
3, 5, 73, 18913
List the prime factors of 257570.
2, 5, 43, 599
List the prime factors of 786793.
7, 16057
List the prime factors of 6655732.
2, 29, 181, 317
List the prime factors of 325751.
325751
List the prime factors of 789206.
2, 11, 29, 1237
What are the prime factors of 1708692?
2, 3, 142391
What are the prime factors of 8757976?
2, 1094747
What are the prime factors of 3264980?
2, 5, 163249
List the prime factors of 2140733.
7, 41, 7459
List the prime factors of 449591.
449591
List the prime factors of 504049.
7, 13, 29, 191
List the prime factors of 4776206.
2, 2388103
List the prime factors of 4633341.
3, 127, 12161
List the prime factors of 901223.
101, 8923
What are the prime factors of 324013?
457, 709
What are the prime factors of 184387?
7, 53, 71
What are the prime factors of 8469321?
3, 7, 403301
List the prime factors of 1165394.
2, 29, 71, 283
What are the prime factors of 37098698?
2, 7, 13, 47, 4337
List the prime factors of 153469.
153469
List the prime factors of 12727983.
3, 4242661
List the prime factors of 228077.
228077
What are the prime factors of 4931779?
4931779
What are the prime factors of 74479?
71, 1049
List the prime factors of 262062.
2, 3, 23, 211
List the prime factors of 204704.
2, 6397
What are the prime factors of 578182?
2, 11, 41, 641
What are the prime factors of 1379634?
2, 3, 229939
List the prime factors of 376706.
2, 11, 17123
List the prime factors of 33517996.
2, 8379499
What are the prime factors of 567822?
2, 3, 101, 937
What are the prime factors of 981703?
981703
What are the prime factors of 3702233?
3702233
What are the prime factors of 817471?
47, 17393
What are the prime factors of 80521?
7, 11503
What are the prime factors of 302324?
2, 11, 6871
List the prime factors of 3551640.
2, 3, 5, 17, 1741
What are the prime factors of 484267?
7, 9883
What are the prime factors of 285536?
2, 8923
What are the prime factors of 176673?
3, 7, 47, 179
List the prime factors of 322479.
3, 35831
List the prime factors of 104909.
7, 2141
What are the prime factors of 1312823?
1312823
List the prime factors of 44547.
3, 31, 479
What are the prime factors of 1922635?
5, 11, 13, 2689
What are the prime factors of 1923928?
2, 240491
What are the prime factors of 3668578?
2, 1103, 1663
List the prime factors of 3027466.
2, 13, 53
What are the prime factors of 88539?
3, 11, 2683
List the prime factors of 183660.
2, 3, 5, 3061
List the prime factors of 18047926.
2, 13, 733, 947
What are the prime factors of 26083664?
2, 59, 27631
What are the prime factors of 2812766?
2, 11, 59, 197
List the prime factors of 1096114.
2, 709, 773
List the prime factors of 5133496.
2, 19, 33773
List the prime factors of 572471.
572471
What are the prime factors of 478191?
3, 7, 3253
What are the prime factors of 263209?
263209
List the prime factors of 2417130.
2, 3, 5, 107, 251
What are t